
True
Does 301 divide 31304?
True
Does 30 divide 361950?
True
Does 40 divide 43754?
False
Is 6 a factor of 639630?
True
Is 315 a factor of 6087060?
True
Is 20 a factor of 349830?
False
Does 688 divide 146544?
True
Is 42 a factor of 1884414?
True
Is 4 a factor of 52232?
True
Is 880 a factor of 297440?
True
Is 577556 a multiple of 7?
True
Does 27 divide 561681?
True
Does 2445 divide 25686928?
False
Is 74029 a multiple of 3?
False
Does 136 divide 560320?
True
Does 185 divide 33670?
True
Is 137 a factor of 88365?
True
Is 1706618 a multiple of 194?
True
Does 16 divide 4984348?
False
Does 61 divide 718285?
False
Is 23 a factor of 461771?
True
Is 24284 a multiple of 37?
False
Does 21 divide 12779511?
False
Is 19 a factor of 55802?
False
Is 16329236 a multiple of 68?
False
Is 186 a factor of 1056852?
True
Is 47 a factor of 344343?
False
Is 169110 a multiple of 17?
False
Is 1270056 a multiple of 17?
False
Is 113183 a multiple of 437?
True
Is 3 a factor of 862358?
False
Is 393462 a multiple of 9?
True
Is 612515 a multiple of 55?
False
Is 124538 a multiple of 146?
True
Is 977 a factor of 1225710?
False
Does 672 divide 62496?
True
Does 193 divide 3288906?
False
Is 93872 a multiple of 10?
False
Is 624 a factor of 3312134?
False
Is 71 a factor of 2957931?
True
Is 175 a factor of 19442518?
False
Does 11 divide 589041?
False
Is 357 a factor of 1653981?
True
Does 78 divide 168436?
False
Does 78 divide 129441?
False
Is 427 a factor of 2189656?
True
Does 220 divide 1434118?
False
Is 559952 a multiple of 158?
True
Does 293 divide 2130030?
False
Is 17755221 a multiple of 10?
False
Is 14 a factor of 450282?
True
Is 109 a factor of 36842?
True
Is 881 a factor of 14885376?
True
Does 646 divide 538764?
True
Is 2915400 a multiple of 75?
True
Does 11 divide 27303?
False
Is 231146 a multiple of 94?
True
Is 160 a factor of 314240?
True
Is 5455730 a multiple of 295?
True
Is 28 a factor of 3181835?
False
Does 21 divide 1050252?
True
Is 25 a factor of 1352148?
False
Is 22177298 a multiple of 11?
True
Is 503 a factor of 761542?
True
Does 25 divide 144200?
True
Is 7094983 a multiple of 134?
False
Is 24629 even?
False
Does 550 divide 855250?
True
Is 23 a factor of 115023?
True
Does 299 divide 897?
True
Is 1335972 a multiple of 174?
True
Is 300747 a multiple of 10?
False
Is 1042250 a multiple of 55?
True
Is 2320851 a multiple of 1098?
False
Does 612 divide 49724?
False
Does 30 divide 1606150?
False
Is 1246481 a multiple of 149?
False
Is 4 a factor of 32241?
False
Is 18073536 a multiple of 13?
True
Is 45 a factor of 2344680?
True
Is 131628 a multiple of 12?
True
Is 25 a factor of 1192060?
False
Is 430 a factor of 353268?
False
Is 5456010 a multiple of 30?
True
Does 2 divide 161071?
False
Is 17 a factor of 444125?
True
Does 963 divide 1587024?
True
Is 185614 a multiple of 121?
True
Does 6 divide 376902?
True
Is 19 a factor of 4894153?
True
Is 1654002 a multiple of 63?
True
Does 477 divide 29574?
True
Does 4 divide 6370?
False
Is 2206644 a multiple of 458?
True
Is 129876 a multiple of 12?
True
Is 5335504 a multiple of 315?
False
Does 17 divide 92116?
False
Is 69 a factor of 90888?
False
Is 1054569 a multiple of 471?
True
Is 285729 a multiple of 2?
False
Does 114 divide 883508?
False
Is 2377 a factor of 32083226?
False
Does 17 divide 95812?
True
Is 26 a factor of 3782739?
False
Is 11719045 a multiple of 680?
False
Is 35 a factor of 4819920?
True
Is 9226469 a multiple of 526?
False
Is 9 a factor of 2498969?
False
Is 169262 a multiple of 18?
False
Does 406 divide 194474?
True
Does 33 divide 670?
False
Is 146520 a multiple of 10?
True
Does 247 divide 183768?
True
Is 47 a factor of 339550?
False
Is 408 a factor of 139639?
False
Is 2 a factor of 8058?
True
Does 225 divide 71775?
True
Is 239772 a multiple of 318?
True
Is 11 a factor of 1112689?
False
Is 220500 a multiple of 450?
True
Does 268 divide 1160172?
True
Is 269 a factor of 7420365?
True
Is 25 a factor of 547352?
False
Is 3694653 a multiple of 27?
True
Does 54 divide 9859428?
True
Is 6125075 a multiple of 480?
False
Is 3288493 a multiple of 13?
True
Is 130501 a multiple of 103?
True
Is 59 a factor of 1923614?
False
Is 19 a factor of 38171?
True
Is 12 a factor of 5700?
True
Does 285 divide 742262?
False
Does 13 divide 1034826?
True
Is 8193899 a multiple of 18?
False
Is 3 a factor of 6115?
False
Does 16 divide 111712?
True
Does 405 divide 890595?
True
Does 1175 divide 23758500?
True
Does 398 divide 1729072?
False
Does 120 divide 9934920?
True
Is 2323244 a multiple of 397?
True
Is 337754 a multiple of 21?
False
Is 3 a factor of 2629206?
True
Does 10 divide 118546?
False
Is 4 a factor of 48580?
True
Is 675132 a multiple of 127?
True
Does 58 divide 160312?
True
Does 35 divide 1654415?
True
Is 254489 a multiple of 61?
False
Is 525389 a multiple of 23?
True
Does 458 divide 2214430?
True
Does 22 divide 149820?
True
Is 6279450 a multiple of 50?
True
Is 225560 a multiple of 20?
True
Does 201 divide 2039630?
False
Does 36 divide 8423342?
False
Is 267 a factor of 6154082?
False
Does 13 divide 963794?
True
Is 136 a factor of 719017?
False
Is 472 a factor of 2692288?
True
Is 696 a factor of 214368?
True
Is 5 a factor of 404180?
True
Is 92777 a multiple of 361?
True
Does 697 divide 1198840?
True
Is 37653 a multiple of 21?
True
Does 60 divide 135960?
True
Is 2413018 a multiple of 6?
False
Does 13 divide 88727?
False
Is 53 a factor of 707717?
False
Is 34 a factor of 2303296?
True
Is 362265 a multiple of 124?
False
Does 507 divide 2423967?
True
Does 8 divide 4643688?
True
Is 12 a factor of 55752?
True
Is 15 a factor of 3803445?
True
Is 65324 a multiple of 14?
True
Does 36 divide 206503?
False
Is 53 a factor of 247136?
False
Is 884169 a multiple of 20?
False
Is 380 a factor of 2650500?
True
Is 100377 a multiple of 587?
True
Is 26951548 a multiple of 52?
True
Does 2 divide 734?
True
Is 108432 a multiple of 36?
True
Is 423367 a multiple of 116?
False
Is 29110 a multiple of 4?
False
Is 2 a factor of 16304?
True
Does 14 divide 625254?
True
Is 39170 a multiple of 16?
False
Is 3 a factor of 563477?
False
Does 597 divide 2052419?
False
Is 90142 a multiple of 3?
False
Does 8 divide 5936?
True
Does 29 divide 12084155?
True
Is 51629 a multiple of 60?
False
Does 51 divide 2664139?
False
Does 3 divide 286272?
True
Is 229115 a multiple of 54?
False
Does 4 divide 198636?
True
Does 36 divide 18497272?
False
Is 618 a factor of 503302?
False
Does 5 divide 586617?
False
Does 685 divide 164011?
False
Is 1950 a multiple of 3?
True
Is 40 a factor of 135611?
False
Does 311 divide 265768?
False
Is 122 a factor of 1840663?
False
Is 2396932 a multiple of 17?
True
Is 29 a factor of 3071709?
True
Does 158 divide 20595?
False
Is 255 a factor of 3799505?
False
Is 37159593 a multiple of 340?
False
Is 100 a factor of 3567721?
False
Is 341 a factor of 221309?
True
Does 13 divide 1403010?
False
Is 280 a factor of 3925315?
False
Does 77 divide 377272?
False
Does 5 divide 52361?
False
Does 76 divide 245176?
True
Is 13592898 a multiple of 363?
True
Is 88776 a multiple of 9?
True
Is 880329 a multiple of 71?
True
Is 356430 a multiple of 327?
True
Is 14 a factor of 284697?
False
Is 605584 a multiple of 23?
False
Is 8 a factor of 10695?
False
Is 58 a factor of 1905822?
True
Is 1533680 a multiple of 171?
False
Is 116 a factor of 44892?
True
Does 5 divide 605405?
True
Does 1123 divide 4101196?
True
Does 55 divide 4257?
False
Is 638625 a multiple of 75?
True
Is 9 a factor of 453465?
True
Is 12285 a multiple of 65?
True
Is 1311970 a multiple of 110?
True
Is 135991 a multiple of 36?
False
Is 24 a factor of 3446208?
True
Is 66364 a multiple of 30?
False
Is 91 a factor of 1741012?
True
Does 43 divide 180722?
False
Does 43 divide 761444?
True
Is 29 a factor of 2286297?
False
Is 54 a factor of 59188?
False
Is 84240 a multiple of 4?
True
Does 562 divide 2635780?
True
Is 11 a factor of 6690?
False
Is 13621096 a multiple of 8?
True
Is 7691652 a multiple of 222?
False
Does 227 divide 3722119?
True
Does 24 divide 63600?
True
Is 10 a factor of 19090?
True
Does 270 divide 24030?
True
Does 80 divide 644320?
True
Does 19 divide 2077916?
True
Does 318 divide 979807?
False
Is 11 a factor of 14641?
True
Is 48969 a multiple of 23?
False
Is 12474 a multiple of 11?
True
Is 24 a factor of 322608?
True
Is 662